{"id":801,"date":"2018-09-08T17:54:52","date_gmt":"2018-09-08T17:54:52","guid":{"rendered":"http:\/\/www.jcicdp.org\/es\/?post_type=member&#038;p=801"},"modified":"2021-02-18T17:14:03","modified_gmt":"2021-02-18T17:14:03","slug":"betsy-cordoba","status":"publish","type":"member","link":"https:\/\/www.jcicdp.org\/es\/member\/betsy-cordoba\/","title":{"rendered":"Betsy C\u00f3rdoba"},"content":{"rendered":"<div class=\"wpb-content-wrapper\"><p>[vc_row][vc_column width=\u00bb1\/4&#8243;][vc_single_image image=\u00bb993&#8243; label=\u00bb\u00bb][\/vc_column][vc_column width=\u00bb3\/4&#8243;][vc_column_text]<\/p>\n<p style=\"text-align: justify;\">Betsy C\u00f3rdoba, naci\u00f3 el 26 de mayo de 1985.<br \/>\nLicenciada en Psicolog\u00eda y Maestr\u00eda en Psicolog\u00eda Industrial, ambas cursadas en la Universidad Nacional de Panam\u00e1.\u00a0Experiencia laboral en el \u00e1rea de Recursos Humanos.<\/p>\n<p style=\"text-align: justify;\">Ingres\u00f3 en la JCI, el 26 de mayo de 2017. Curiosamente el mismo d\u00eda de su cumplea\u00f1os. Dentro de la JCI, recibi\u00f3 el reconocimiento de miembro m\u00e1s sobresaliente en el a\u00f1o de su ingreso a la JCI de la Ciudad de Panam\u00e1.<\/p>\n<p style=\"text-align: justify;\">He participado en varios eventos nacionales, entre ellos Convenci\u00f3n Nacional 2017, Conferencia de las Am\u00e9ricas 2018, Escuela de l\u00edderes 2018 y Academia de Funcionarios.<\/p>\n<p style=\"text-align: justify;\">Nos ha representado en Grupo de debates a nivel nacional como internacional.<\/p>\n<p>[\/vc_column_text][\/vc_column][\/vc_row]<\/p>\n<\/div>","protected":false},"excerpt":{"rendered":"<p>[vc_row][vc_column width=\u00bb1\/4&#8243;][vc_single_image image=\u00bb993&#8243; label=\u00bb\u00bb][\/vc_column][vc_column width=\u00bb3\/4&#8243;][vc_column_text] Betsy C\u00f3rdoba, naci\u00f3 el 26 de mayo de 1985. Licenciada en Psicolog\u00eda y Maestr\u00eda en Psicolog\u00eda Industrial, ambas cursadas en la Universidad Nacional de Panam\u00e1.\u00a0Experiencia laboral en el \u00e1rea de Recursos Humanos. Ingres\u00f3 en la JCI, el 26 de mayo de 2017. Curiosamente el mismo d\u00eda de su cumplea\u00f1os. Dentro [&hellip;]<\/p>\n","protected":false},"featured_media":993,"menu_order":0,"comment_status":"closed","ping_status":"closed","template":"","member_cat":[46],"class_list":["post-801","member","type-member","status-publish","has-post-thumbnail","hentry","member_cat-socios"],"_links":{"self":[{"href":"https:\/\/www.jcicdp.org\/es\/wp-json\/wp\/v2\/member\/801","targetHints":{"allow":["GET"]}}],"collection":[{"href":"https:\/\/www.jcicdp.org\/es\/wp-json\/wp\/v2\/member"}],"about":[{"href":"https:\/\/www.jcicdp.org\/es\/wp-json\/wp\/v2\/types\/member"}],"replies":[{"embeddable":true,"href":"https:\/\/www.jcicdp.org\/es\/wp-json\/wp\/v2\/comments?post=801"}],"wp:featuredmedia":[{"embeddable":true,"href":"https:\/\/www.jcicdp.org\/es\/wp-json\/wp\/v2\/media\/993"}],"wp:attachment":[{"href":"https:\/\/www.jcicdp.org\/es\/wp-json\/wp\/v2\/media?parent=801"}],"wp:term":[{"taxonomy":"member_cat","embeddable":true,"href":"https:\/\/www.jcicdp.org\/es\/wp-json\/wp\/v2\/member_cat?post=801"}],"curies":[{"name":"wp","href":"https:\/\/api.w.org\/{rel}","templated":true}]}}

Betsy Córdoba

<div class="wpb-content-wrapper"><p>[vc_row][vc_column width=»1/4&#8243;][vc_single_image image=»993&#8243; label=»»][/vc_column][vc_column width=»3/4&#8243;][vc_column_text]</p>
<p style="text-align: justify;">Betsy Córdoba, nació el 26 de mayo de 1985.<br />
Licenciada en Psicología y Maestría en Psicología Industrial, ambas cursadas en la Universidad Nacional de Panamá. Experiencia laboral en el área de Recursos Humanos.</p>
<p style="text-align: justify;">Ingresó en la JCI, el 26 de mayo de 2017. Curiosamente el mismo día de su cumpleaños. Dentro de la JCI, recibió el reconocimiento de miembro más sobresaliente en el año de su ingreso a la JCI de la Ciudad de Panamá.</p>
<p style="text-align: justify;">He participado en varios eventos nacionales, entre ellos Convención Nacional 2017, Conferencia de las Américas 2018, Escuela de líderes 2018 y Academia de Funcionarios.</p>
<p style="text-align: justify;">Nos ha representado en Grupo de debates a nivel nacional como internacional.</p>
<p>[/vc_column_text][/vc_column][/vc_row]</p>
</div>

<p>[vc_row][vc_column width=»1/4&#8243;][vc_single_image image=»993&#8243; label=»»][/vc_column][vc_column width=»3/4&#8243;][vc_column_text] Betsy Córdoba, nació el 26 de mayo de 1985. Licenciada en Psicología y Maestría en Psicología Industrial, ambas cursadas en la Universidad Nacional de Panamá. Experiencia laboral en el área de Recursos Humanos. Ingresó en la JCI, el 26 de mayo de 2017. Curiosamente el mismo día de su cumpleaños. Dentro [&hellip;]</p>
